{"id":18,"date":"2017-04-29T17:05:01","date_gmt":"2017-04-29T14:05:01","guid":{"rendered":"http:\/\/mekamermer.com\/?page_id=18"},"modified":"2021-12-29T18:58:07","modified_gmt":"2021-12-29T15:58:07","slug":"bize-ulasin","status":"publish","type":"page","link":"http:\/\/mekamermer.com\/index.php\/bize-ulasin\/","title":{"rendered":"Bize ula\u015f\u0131n"},"content":{"rendered":"<p>\u00dccretsiz ke\u015fif i\u00e7in bize ula\u015f\u0131n.<\/p>\n<p>\u00a0<\/p>\n\n\n<iframe src=\"https:\/\/www.google.com\/maps\/embed?pb=!1m14!1m8!1m3!1d12606.728493336115!2d29.054875!3d37.820914!3m2!1i1024!2i768!4f13.1!3m3!1m2!1s0x0%3A0xff4b8b03ded05eee!2sMEKA%20Mermer%20%26%20Granit!5e0!3m2!1str!2str!4v1640793336480!5m2!1str!2str\" width=\"600\" height=\"450\" style=\"border:0;\" allowfullscreen=\"\" loading=\"lazy\"><\/iframe>\n","protected":false},"excerpt":{"rendered":"<p>\u00dccretsiz ke\u015fif i\u00e7in bize ula\u015f\u0131n. \u00a0<\/p>\n","protected":false},"author":1,"featured_media":0,"parent":0,"menu_order":0,"comment_status":"closed","ping_status":"closed","template":"","meta":{"footnotes":""},"class_list":["post-18","page","type-page","status-publish","hentry"],"_links":{"self":[{"href":"http:\/\/mekamermer.com\/index.php\/wp-json\/wp\/v2\/pages\/18","targetHints":{"allow":["GET"]}}],"collection":[{"href":"http:\/\/mekamermer.com\/index.php\/wp-json\/wp\/v2\/pages"}],"about":[{"href":"http:\/\/mekamermer.com\/index.php\/wp-json\/wp\/v2\/types\/page"}],"author":[{"embeddable":true,"href":"http:\/\/mekamermer.com\/index.php\/wp-json\/wp\/v2\/users\/1"}],"replies":[{"embeddable":true,"href":"http:\/\/mekamermer.com\/index.php\/wp-json\/wp\/v2\/comments?post=18"}],"version-history":[{"count":5,"href":"http:\/\/mekamermer.com\/index.php\/wp-json\/wp\/v2\/pages\/18\/revisions"}],"predecessor-version":[{"id":354,"href":"http:\/\/mekamermer.com\/index.php\/wp-json\/wp\/v2\/pages\/18\/revisions\/354"}],"wp:attachment":[{"href":"http:\/\/mekamermer.com\/index.php\/wp-json\/wp\/v2\/media?parent=18"}],"curies":[{"name":"wp","href":"https:\/\/api.w.org\/{rel}","templated":true}]}}